 composite number?
True
Is 255990559 a prime number?
False
Is 57399626303 a composite number?
True
Is 2529656659 composite?
False
Is 92267526907 composite?
False
Is 181618121 a prime number?
False
Is 20030363 prime?
True
Is 1100325443 prime?
False
Is 1258345171 composite?
True
Is 831701 composite?
True
Is 10979481031 composite?
True
Is 1554431497 prime?
True
Is 6906489773 composite?
False
Is 820605057 composite?
True
Is 398095979 composite?
True
Is 18280766249 a composite number?
True
Is 724631651 composite?
False
Is 23337221539 composite?
True
Is 55902357571 prime?
True
Is 475414921 a prime number?
True
Is 40844063321 composite?
True
Is 151659607283 composite?
True
Is 382516477 a composite number?
True
Is 6575105023 a prime number?
False
Is 84891139 a prime number?
False
Is 630522383 a prime number?
False
Is 1696202437 a prime number?
True
Is 7079931839 composite?
True
Is 8765001953 a prime number?
False
Is 13105909097 composite?
True
Is 498896803 a composite number?
False
Is 377270609 prime?
False
Is 5904639029 a prime number?
True
Is 1099913993 composite?
True
Is 11881922209 a composite number?
False
Is 3421558001 prime?
True
Is 250411963 composite?
True
Is 156392263 composite?
True
Is 2660520257 a composite number?
True
Is 244807879 composite?
True
Is 1805063419 composite?
False
Is 11493189419 a prime number?
True
Is 11915693389 composite?
False
Is 5026398319 prime?
True
Is 1050670903 a composite number?
False
Is 17896154351 a composite number?
False
Is 3285787289 prime?
False
Is 141581481031 a prime number?
False
Is 17766062737 a composite number?
True
Is 1830259603 prime?
True
Is 51060329323 composite?
True
Is 19452871097 composite?
True
Is 1718656243 a composite number?
True
Is 288351211 prime?
False
Is 50703353 a prime number?
False
Is 4253415431 a prime number?
True
Is 12373826915 composite?
True
Is 13822954679 a prime number?
True
Is 3012715921 composite?
False
Is 162436082833 a composite number?
False
Is 13063405937 a composite number?
True
Is 39973446641 prime?
True
Is 264702570397 a composite number?
False
Is 255423493 a prime number?
False
Is 2090406881 a composite number?
True
Is 10412979758 a composite number?
True
Is 27333286873 composite?
False
Is 29133569 a prime number?
True
Is 126621284089 a composite number?
True
Is 5649841759 composite?
False
Is 758871185 a composite number?
True
Is 1664689309 prime?
True
Is 1055876677 prime?
True
Is 3946141631 composite?
False
Is 3820935371 composite?
True
Is 2752617733 composite?
False
Is 8534519482 prime?
False
Is 146007617 prime?
False
Is 6230494983 composite?
True
Is 8366074999 composite?
False
Is 4412650177 a prime number?
False
Is 21239947751 a prime number?
False
Is 3361049871 a composite number?
True
Is 15277864859 composite?
False
Is 569098529 a prime number?
True
Is 1881309329 prime?
True
Is 23720087 composite?
False
Is 79149166237 composite?
False
Is 587366641 composite?
True
Is 7306382735 a composite number?
True
Is 39411014833 a composite number?
False
Is 4022198651 prime?
False
Is 30140282 prime?
False
Is 647564161 a prime number?
True
Is 1271924843 prime?
False
Is 33773458909 prime?
False
Is 4914558157 a prime number?
True
Is 142347973 a composite number?
False
Is 18494175039 a composite number?
True
Is 10542117511 composite?
True
Is 53877122227 composite?
False
Is 12659558641 composite?
True
Is 18653187001 prime?
True
Is 18348255323 composite?
True
Is 2077467583 a prime number?
False
Is 6448747439 prime?
True
Is 2300461738 a prime number?
False
Is 19200216977 prime?
True
Is 130829777 a prime number?
False
Is 25391394787 a composite number?
True
Is 5438894759 composite?
False
Is 2827444591 prime?
True
Is 1797335383 a prime number?
True
Is 131706860387 prime?
True
Is 397158499 composite?
False
Is 59145014957 prime?
False
Is 184719097 a composite number?
False
Is 2838443941 a composite number?
True
Is 258479239 composite?
False
Is 197406151511 composite?
False
Is 4971776521 composite?
False
Is 4735159853 a prime number?
False
Is 9310982503 prime?
False
Is 11603246329 a composite number?
False
Is 208260593 composite?
True
Is 4027756283 composite?
True
Is 455859187 composite?
True
Is 6279411167 composite?
True
Is 11301463653 a composite number?
True
Is 626423923 a composite number?
True
Is 341332297 prime?
False
Is 5158419001 a prime number?
False
Is 19537373173 composite?
False
Is 6567798401 composite?
False
Is 18218064767 a composite number?
True
Is 1546552853 a prime number?
True
Is 9111362935 a composite number?
True
Is 10395812191 a composite number?
False
Is 20296056299 prime?
False
Is 128461649 composite?
True
Is 181351527733 a composite number?
True
Is 265663675283 prime?
False
Is 1259795543 prime?
True
Is 9272485655 prime?
False
Is 18236379299 a prime number?
False
Is 36856068959 a composite number?
False
Is 629020393 a composite number?
False
Is 4588418891 prime?
False
Is 4112073811 a prime number?
True
Is 1639619083 a composite number?
False
Is 3328925087 prime?
True
Is 1226143049 a composite number?
False
Is 76042217 prime?
True
Is 1076712974 a composite number?
True
Is 169074257 composite?
True
Is 3132286543 a composite number?
False
Is 41308171427 prime?
False
Is 62226119 prime?
False
Is 18517590253 composite?
False
Is 109909123297 prime?
True
Is 14461596017 composite?
True
Is 52144490617 composite?
True
Is 51244153 prime?
False
Is 713168047 a composite number?
False
Is 107187523 prime?
True
Is 2449672847 prime?
True
Is 294765538022 composite?
True
Is 15699769919 composite?
False
Is 1836271063 a prime number?
False
Is 162336221 composite?
False
Is 683386703 a prime number?
True
Is 2122631413 a prime number?
False
Is 25753513271 a composite number?
True
Is 5535133577 composite?
True
Is 10946309813 prime?
False
Is 7341322727 prime?
False
Is 1347049439 prime?
False
Is 19457632517 composite?
False
Is 115638521641 a prime number?
False
Is 2197641093 prime?
False
Is 1954677199 a prime number?
True
Is 54590387 prime?
False
Is 54388231 prime?
True
Is 584961061 a prime number?
True
Is 5336025523 a prime number?
False
Is 6953450209 a composite number?
False
Is 48137812061 composite?
False
Is 904291741 prime?
True
Is 480853523 a prime number?
True
Is 3222053893 prime?
False
Is 1011040309 a composite number?
False
Is 20087484713 prime?
False
Is 29961405997 a composite number?
False
Is 17046448687 a prime number?
True
Is 23053932803 a prime number?
False
Is 2188581371 a prime number?
True
Is 12187374299 composite?
False
Is 3479659763 a prime number?
True
Is 2357117051 a prime number?
True
Is 7162446849 composite?
True
Is 1541868571 a composite number?
False
Is 19182225871 a composite number?
True
Is 18253304143 prime?
False
Is 5745468059 a prime number?
False
Is 183184511 a prime number?
True
Is 345424251 a composite number?
True
Is 1924496779 a composite number?
True
Is 5258124269 composite?
False
Is 206068582723 prime?
False
Is 2389521077 a prime number?
True
Is 4078775497 a composite number?
False
Is 14802767881 prime?
False
Is 3010742471 a prime number?
False
Is 66811401521 a composite number?
True
Is 44670948169 composite?
False
Is 353848181 a composite number?
False
Is 82863881 composite?
True
Is 5947119589 a prime number?
True
Is 24759742433 prime?
True
Is 2478103469 a prime number?
True
Is 7179252433 a prime number?
False
Is 34360518911 a prime number?
False
Is 8053654867 a prime number?
True
Is 1054690841 a composite number?
True
Is 375152627 prime?
False
Is 922200199 composite?
True
Is 89384441261 a composite number?
True
Is 481235639 prime?
False
Is 519401269 a prime number?
True
Is 4548653293 a composite number?
False
Is 1721416819 a composite number?
True
Is 3786467903 a composite number?
False
Is 331805377369 a prime number?
True
Is 19071309545 a composite number?
True
Is 309838493 prime?
True
Is 47313001 a prime number?
False
Is 1592865917 prime?
True
Is 16438762097 a prime number?
False
Is 580251101 a composite number?
False
Is 163073387 a prime number?
True
Is 14736589415 a composite number?
True
Is 140812689 a composite number?
True
Is 178048417 a prime number?
True
Is 30968779103 composite?
False
Is 162985735285 composite?
True
Is 96836254586 prime?
False
Is 3679125739 a composite number?
False
Is 5076585809 prime?
False
Is 189930791 a composite numbe